r of 69129 and 1233.
9
Calculate the greatest common divisor of 945208 and 467.
467
What is the greatest common factor of 50473 and 323?
17
Calculate the highest common divisor of 12 and 96136.
4
What is the greatest common divisor of 10631850 and 150?
150
Calculate the greatest common divisor of 9284 and 535940.
844
What is the highest common factor of 20447 and 1610?
161
What is the highest common divisor of 274728 and 48?
24
Calculate the greatest common factor of 14706 and 30.
6
Calculate the highest common factor of 1838928 and 1008.
336
What is the highest common divisor of 26869 and 485?
97
What is the greatest common factor of 244 and 627934?
122
Calculate the highest common factor of 17888 and 3172.
52
What is the greatest common divisor of 40 and 30456?
8
Calculate the highest common divisor of 4018 and 1274.
98
What is the highest common divisor of 260 and 36985?
65
What is the highest common factor of 1205 and 985?
5
What is the highest common factor of 27667 and 9417?
73
Calculate the highest common divisor of 313754 and 5110.
1022
What is the highest common divisor of 84068 and 12?
4
Calculate the greatest common factor of 34869 and 1829.
59
Calculate the highest common divisor of 95 and 774820.
95
What is the greatest common factor of 123 and 714097?
41
What is the highest common factor of 145 and 38251?
29
Calculate the highest common divisor of 146544 and 8.
8
Calculate the greatest common divisor of 3801 and 28417.
181
What is the greatest common factor of 1438362 and 90?
18
Calculate the highest common divisor of 14000 and 840.
280
What is the highest common divisor of 42336 and 10512?
144
Calculate the greatest common divisor of 29030 and 5.
5
What is the greatest common factor of 168 and 10444?
28
Calculate the greatest common factor of 590670 and 450.
90
What is the greatest common factor of 12205 and 55?
5
Calculate the greatest common factor of 159 and 1079133.
159
What is the highest common divisor of 61040 and 1635?
545
What is the highest common factor of 89825 and 400?
25
Calculate the highest common divisor of 189904 and 8.
8
What is the greatest common divisor of 9 and 2637?
9
Calculate the highest common factor of 4211 and 2.
1
Calculate the greatest common divisor of 1854 and 509438.
206
Calculate the highest common divisor of 1902492 and 4128.
516
Calculate the greatest common factor of 39117 and 1062.
177
What is the highest common divisor of 426404 and 484?
484
Calculate the highest common factor of 1520120 and 200.
40
Calculate the greatest common divisor of 2761884 and 9.
9
Calculate the highest common factor of 11 and 1934207.
11
Calculate the highest common factor of 11063 and 1625.
13
What is the highest common factor of 225292 and 302?
302
What is the greatest common divisor of 325 and 7975?
25
What is the highest common factor of 18396 and 14420?
28
What is the highest common divisor of 73378 and 76?
38
Calculate the greatest common factor of 6380 and 21780.
220
Calculate the greatest common divisor of 3137274 and 2646.
882
What is the highest common divisor of 33276 and 38468?
236
Calculate the highest common divisor of 51245 and 17945.
185
Calculate the greatest common factor of 12886 and 272.
34
Calculate the greatest common factor of 26 and 16406.
26
What is the highest common factor of 27563 and 473?
43
What is the greatest common factor of 405 and 13695?
15
Calculate the greatest common divisor of 4756 and 246.
82
What is the greatest common factor of 197 and 454873?
197
What is the greatest common factor of 3 and 68979?
3
Calculate the greatest common divisor of 170 and 10776470.
170
Calculate the greatest common factor of 92073 and 141.
141
Calculate the greatest common divisor of 2139 and 5865.
69
Calculate the highest common divisor of 34155 and 46805.
1265
What is the highest common factor of 2123 and 7131157?
2123
What is the highest common divisor of 909 and 369?
9
Calculate the highest common divisor of 231 and 6776.
77
Calculate the greatest common factor of 57369 and 78.
39
What is the greatest common divisor of 57618 and 213594?
582
Calculate the highest common divisor of 7317 and 48.
3
What is the greatest common divisor of 38264 and 2?
2
What is the highest common factor of 106355 and 46605?
1195
Calculate the greatest common divisor of 246168 and 1170.
234
What is the greatest common factor of 745388 and 98?
98
What is the greatest common factor of 579196 and 40?
4
Calculate the highest common divisor of 652932 and 5040.
252
What is the highest common factor of 95637 and 426?
213
Calculate the greatest common divisor of 1503506 and 2.
2
What is the highest common divisor of 512 and 7056?
16
Calculate the highest common factor of 24459 and 30771.
789
Calculate the greatest common factor of 2161824 and 672.
672
What is the highest common factor of 2738 and 204203?
37
What is the greatest common divisor of 704 and 4048?
176
Calculate the highest common factor of 34882 and 6848.
214
What is the highest common divisor of 38244 and 6?
6
What is the greatest common factor of 5275 and 2375?
25
Calculate the greatest common factor of 621 and 20378.
23
Calculate the highest common divisor of 44830 and 20.
10
What is the greatest common divisor of 211790 and 10?
10
What is the highest common factor of 141585 and 15?
15
Calculate the highest common factor of 2759864 and 536.
536
What is the highest common divisor of 39870 and 810?
90
What is the greatest common factor of 326905 and 165?
5
Calculate the highest common divisor of 243486 and 1674.
54
What is the greatest common factor of 1405 and 1680380?
1405
What is the highest common divisor of 1563492 and 392?
196
Calculate the greatest common divisor of 280 and 1265740.
140
Calculate the highest common divisor of 3680 and 1712.
16
What is the greatest common divisor of 177606 and 2794?
22
What is the greatest common divisor of 37212 and 3360?
84
Calculate the highest common divisor of 6020 and 19460.
140
Calculate the greatest common divisor of 530 and 59890.
530
Calculate the highest common divisor of 420 and 163793.
7
Calculate the greatest common factor of 41734 and 77.
77
Calculate the highest common factor of 48267 and 531.
9
Calculate the highest common factor of 15 and 4486305.
15
What is the highest common factor of 3134482 and 26?
26
What is the highest common factor of 715 and 77077?
143
Calculate the greatest common divisor of 3060 and 1955.
85
What is the greatest common factor of 728 and 854?
14
What is the highest common factor of 25893 and 3759?
21
What is the greatest common divisor of 175 and 156660?
35
What is the highest common factor of 1533 and 6351?
219
Calculate the highest common divisor of 9 and 5389101.
9
Calculate the highest common factor of 468 and 683384.
52
Calculate the highest common factor of 193705 and 1463.
19
What is the highest common divisor of 507 and 923?
13
What is the greatest common divisor of 279719 and 2596?
649
Calculate the highest common divisor of 795 and 30740.
265
What is the highest common factor of 19 and 638837?
19
What is the greatest common divisor of 130 and 90?
10
Calculate the highest common factor of 31416 and 5656.
56
Calculate the greatest common factor of 3775 and 4.
1
Calculate the greatest common divisor of 61554 and 858.
6
What is the greatest common factor of 12 and 593232?
12
What is the highest common factor of 144342 and 110?
22
Calculate the greatest common divisor of 240487 and 9971.
169
Calculate the greatest common factor of 7 and 2510669.
7
What is the highest common divisor of 48 and 13268?
4
What is the highest common divisor of 77399 and 119?
7
Calculate the highest common factor of 23 and 168130.
23
What is the highest common factor of 46137 and 1197?
21
Calculate the highest common factor of 18 and 9176769.
9
Calculate the greatest common divisor of 4 and 5362824.
4
What is the greatest common factor of 2191 and 1043?
7
Calculate the greatest common factor of 1310 and 9660.
10
What is the highest common divisor of 55 and 53581?
11
Calculate the highest common divisor of 53 and 47591.
1
What is the greatest common divisor of 33417 and 57951?
423
Calculate the highest common divisor of 6424 and 11528.
88
What is the highest common divisor of 6461682 and 246?
2